at are the prime factors of 135748?
2, 33937
List the prime factors of 792137.
197, 4021
What are the prime factors of 426328?
2, 7, 23, 331
List the prime factors of 4507785.
3, 5, 33391
List the prime factors of 11170477.
11170477
What are the prime factors of 37595?
5, 73, 103
List the prime factors of 554742.
2, 3, 10273
List the prime factors of 207485.
5, 17, 2441
List the prime factors of 435972.
2, 3, 47, 773
What are the prime factors of 34680671?
34680671
What are the prime factors of 12075444?
2, 3, 335429
List the prime factors of 394351.
31, 12721
What are the prime factors of 886559?
19, 29, 1609
List the prime factors of 4752887.
4752887
List the prime factors of 24912059.
19, 23, 109, 523
What are the prime factors of 21839749?
4549, 4801
What are the prime factors of 1737236?
2, 23, 821
List the prime factors of 1015046.
2, 507523
What are the prime factors of 4284534?
2, 3, 461, 1549
What are the prime factors of 7915423?
7915423
What are the prime factors of 136392?
2, 3, 5683
List the prime factors of 539736.
2, 3, 43, 523
What are the prime factors of 43444873?
47, 924359
List the prime factors of 2258416.
2, 17, 19, 23
List the prime factors of 27916207.
11, 2537837
List the prime factors of 968651.
883, 1097
List the prime factors of 3555899.
151, 23549
What are the prime factors of 4974144?
2, 3, 7, 3701
List the prime factors of 1331461.
191, 6971
List the prime factors of 7971832.
2, 11, 157, 577
List the prime factors of 475715.
5, 95143
List the prime factors of 6319059.
3, 2106353
List the prime factors of 572226.
2, 3, 283, 337
List the prime factors of 1107275.
5, 13, 3407
List the prime factors of 845766.
2, 3, 19, 2473
List the prime factors of 6496434.
2, 3, 7, 47, 1097
What are the prime factors of 3767106?
2, 3, 7, 257, 349
List the prime factors of 5114529.
3, 7, 27061
List the prime factors of 448993.
448993
List the prime factors of 300241.
113, 2657
List the prime factors of 465728.
2, 19, 383
List the prime factors of 297390.
2, 3, 5, 23, 431
List the prime factors of 16679227.
17, 43, 22817
What are the prime factors of 979779?
3, 326593
List the prime factors of 2046535.
5, 397, 1031
List the prime factors of 19868069.
13, 1528313
List the prime factors of 9521674.
2, 101, 47137
What are the prime factors of 1960691?
149, 13159
List the prime factors of 468686.
2, 234343
What are the prime factors of 16477600?
2, 5, 43, 479
List the prime factors of 1962965.
5, 392593
List the prime factors of 2605691.
11, 236881
What are the prime factors of 894901?
7, 127843
List the prime factors of 2804292.
2, 3, 61, 1277
List the prime factors of 1699513.
31, 73, 751
List the prime factors of 261015.
3, 5, 17401
List the prime factors of 66862.
2, 101, 331
List the prime factors of 2402371.
487, 4933
List the prime factors of 6113061.
3, 679229
What are the prime factors of 726211?
401, 1811
What are the prime factors of 3575896?
2, 443, 1009
What are the prime factors of 3948468?
2, 3, 293, 1123
What are the prime factors of 479716?
2, 119929
List the prime factors of 1718425.
5, 68737
What are the prime factors of 2298496?
2, 17957
List the prime factors of 462976.
2, 3617
List the prime factors of 641882.
2, 320941
What are the prime factors of 217764?
2, 3, 23, 263
List the prime factors of 298558.
2, 13, 11483
List the prime factors of 312141.
3, 104047
What are the prime factors of 343455?
3, 5, 7, 3271
List the prime factors of 8903966.
2, 4451983
List the prime factors of 278810.
2, 5, 7, 569
What are the prime factors of 17011074?
2, 3, 107, 26497
What are the prime factors of 8330957?
37, 225161
What are the prime factors of 21662778?
2, 3, 89, 113, 359
What are the prime factors of 1425468?
2, 3, 11, 10799
What are the prime factors of 23669?
23669
What are the prime factors of 2431631?
67, 36293
List the prime factors of 3182654.
2, 73, 21799
List the prime factors of 632570.
2, 5, 17, 61
What are the prime factors of 320911?
320911
List the prime factors of 7488.
2, 3, 13
What are the prime factors of 5312684?
2, 13, 29, 271
What are the prime factors of 547853?
547853
List the prime factors of 129571.
13, 9967
What are the prime factors of 817467?
3, 7, 67, 83
List the prime factors of 628427.
628427
What are the prime factors of 2539303?
13, 31, 6301
List the prime factors of 931557.
3, 11, 28229
List the prime factors of 18077.
18077
What are the prime factors of 3206684?
2, 13, 61667
List the prime factors of 12190981.
11, 41, 27031
List the prime factors of 6227654.
2, 41, 173, 439
What are the prime factors of 7629806?
2, 3814903
What are the prime factors of 30161611?
53, 127, 4481
What are the prime factors of 412280?
2, 5, 11, 937
List the prime factors of 6466807.
41, 3847
List the prime factors of 1423300.
2, 5, 43, 331
What are the prime factors of 2723038?
2, 109, 12491
What are the prime factors of 26903?
26903
List the prime factors of 2938436.
2, 59, 12451
List the prime factors of 3058366.
2, 691, 2213
List the prime factors of 361572.
2, 3, 29, 1039
List the prime factors of 6254430.
2, 3, 5, 7, 13, 29, 79
What are the prime factors of 6406088?
2, 13, 31, 1987
List the prime factors of 16063551.
3, 7, 254977
List the prime factors of 7768033.
7, 13, 85363
List the prime factors of 77252.
2, 7, 31, 89
What are the prime factors of 279496?
2, 7, 23, 31
What are the prime factors of 16806050?
2, 5, 336121
What are the prime factors of 5070145?
5, 1014029
What are the prime factors of 283429?
23, 12323
What are the prime factors of 13966697?
103, 135599
List the prime factors of 1383738.
2, 3, 211, 1093
List the prime factors of 27541.
27541
What are the prime factors of 41718?
2, 3, 17, 409
What are the prime factors of 259387?
259387
What are the prime factors of 195079?
373, 523
What are the prime factors of 11491892?
2, 2872973
List the prime factors of 3710795.
5, 11, 19, 53, 67
What are the prime factors of 19604742?
2, 3, 89, 36713
What are the prime factors of 2412631?
13, 23, 8069
List the prime factors of 19321912.
2, 2415239
What are the prime factors of 46109?
7, 941
What are the prime factors of 151096?
2, 11, 17, 101
List the prime factors of 1513612.
2, 17, 22259
What are the prime factors of 779268?
2, 3, 7, 9277
What are the prime factors of 15106186?
2, 103, 73331
What are the prime factors of 18677457?
3, 2075273
List the prime factors of 6195141.
3, 41, 103, 163
What are the prime factors of 130327?
53, 2459
List the prime factors of 12886.
2, 17, 379
What are the prime factors of 380411?
157, 2423
What are the prime factors of 450453?
3, 150151
What are the prime factors of 599663?
599663
What are the prime factors of 3705902?
2, 1852951
List the prime factors of 138212.
2, 109, 317
What are the prime factors of 11829594?
2, 3, 7, 71, 3967
List the prime factors of 480119.
223, 2153
List the prime factors of 3118283.
7, 29, 15361
List the prime factors of 15350236.
2, 11, 41, 67, 127
What are the prime factors of 3709415?
5, 741883
What are the prime factors of 19332417?
3, 13, 17, 2243
List the prime factors of 442397.
442397
List the prime factors of 251849.
13, 19373
List the prime factors of 566843.
313, 1811
List the prime factors of 657500.
2, 5, 263
What are the prime factors of 519967?
7, 59, 1259
What are the prime factors of 855489?
3, 191, 1493
What are the prime factors of 8892417?
3, 541, 5479
What are the prime factors of 326397?
3, 108799
List the prime factors of 762945.
3, 5, 19, 2677
List the prime factors of 5940112.
2, 371257
List the prime factors of 735160.
2, 5, 18379
List the prime factors of 428929.
53, 8093
List the prime factors of 614020.
2, 5, 11, 2791
What are the prime factors of 2257928?
2, 282241
What are the prime factors of 2414041?
7, 344863
What are the prime factors of 14387087?
11, 13, 100609
List the prime factors of 441749.
7, 11, 5737
What are the prime factors of 4802640?
2, 3, 5, 20011
List the prime factors of 5401493.
5401493
List the prime factors of 213520.
2, 5, 17, 157
List the prime factors of 613313.
431, 1423
List the prime factors of 36730384.
2, 109, 21061
List the prime factors of 317645.
5, 17, 37, 101
What are the prime factors of 544679?
353, 1543
What are the prime factors of 162538?
2, 181, 449
List t